{"id":97,"date":"2013-02-26T13:40:24","date_gmt":"2013-02-26T12:40:24","guid":{"rendered":"http:\/\/www.gfo.ch\/wp2016\/?page_id=97"},"modified":"2017-06-08T08:31:28","modified_gmt":"2017-06-08T06:31:28","slug":"yves-gianella","status":"publish","type":"page","link":"https:\/\/www.gfo.ch\/fr\/uber-uns\/team\/geschaftsleitung\/yves-gianella\/","title":{"rendered":"Yves Gianella"},"content":{"rendered":"<h2>Direction<\/h2>\n<p><img loading=\"lazy\" decoding=\"async\" class=\"alignnone size-full wp-image-417\" src=\"http:\/\/www.gfo.ch\/wp2016\/wp-content\/uploads\/2013\/02\/yves-gianella.jpg\" alt=\"yves-gianella\" width=\"300\" height=\"200\" srcset=\"https:\/\/gfo.ch\/wp-content\/uploads\/2013\/02\/yves-gianella.jpg 300w, https:\/\/gfo.ch\/wp-content\/uploads\/2013\/02\/yves-gianella-140x93.jpg 140w\" sizes=\"(max-width: 300px) 100vw, 300px\" \/><\/p>\n<h3>YVES GIANELLA,<br \/>\nlic. rer. pol.<\/h3>\n<h4>Formation<\/h4>\n<ul>\n<li>Formation professionnelle technique<\/li>\n<li>Maturit\u00e9 f\u00e9d\u00e9rale<\/li>\n<li>Etudes en sciences \u00e9conomiques de l\u2019Universit\u00e9 de B\u00e2le (lic. rer. pol.)<\/li>\n<\/ul>\n<h4>Parcours professionel<\/h4>\n<ul>\n<li>Assistant de direction dans une petite entreprise de l\u2019industrie alimentaire<\/li>\n<li>Charg\u00e9 de projet dans le domaine de la logistique, dans un grand h\u00f4pital<\/li>\n<li>Activit\u00e9s de conseil dans diverses entreprises des secteurs priv\u00e9s et publics<\/li>\n<li>Consultant et collaborateur scientifique pour la soci\u00e9t\u00e9 GFO jusque 2005<\/li>\n<li>Consultant ind\u00e9pendant pour la soci\u00e9t\u00e9 GFO depuis 2005<\/li>\n<li>Membre de la direction de la soci\u00e9t\u00e9 GFO depuis 2016<\/li>\n<\/ul>\n<div class=\"blauerkasten\">\n<h4><strong>Domaines d\u2019expertise<\/strong><\/h4>\n<ul>\n<li>Accompagnement de la conception, la concr\u00e9tisation, et la mise en \u0153uvre de syst\u00e8mes de r\u00e9mun\u00e9ration<\/li>\n<li>Conception et accompagnement\/r\u00e9alisation de solutions informatiques de pilotage des salaires<\/li>\n<li>Conception et r\u00e9alisation d\u2019enqu\u00eates et d\u2019analyse de r\u00e9mun\u00e9ration<\/li>\n<\/ul>\n<\/div>\n<h4>Contact<\/h4>\n<p><a href=\"mailto:y.gianella@gfo.ch\">E-Mail<\/a><br \/>\nT\u00e9l. +41 44 365 99 35","protected":false},"excerpt":{"rendered":"<p>Direction YVES GIANELLA, lic. rer. pol. Formation Formation professionnelle technique Maturit\u00e9 f\u00e9d\u00e9rale Etudes en sciences \u00e9conomiques de l\u2019Universit\u00e9 de B\u00e2le (lic. rer. pol.) Parcours professionel Assistant de direction dans une petite entreprise de l\u2019industrie alimentaire Charg\u00e9 de projet dans le &hellip; <a class=\"mehr\">&rarr; mehr<\/a><\/p>\n","protected":false},"author":3,"featured_media":170,"parent":83,"menu_order":2,"comment_status":"open","ping_status":"open","template":"page-no-title.php","meta":{"footnotes":""},"tags":[],"acf":[],"_links":{"self":[{"href":"https:\/\/www.gfo.ch\/fr\/wp-json\/wp\/v2\/pages\/97"}],"collection":[{"href":"https:\/\/www.gfo.ch\/fr\/wp-json\/wp\/v2\/pages"}],"about":[{"href":"https:\/\/www.gfo.ch\/fr\/wp-json\/wp\/v2\/types\/page"}],"author":[{"embeddable":true,"href":"https:\/\/www.gfo.ch\/fr\/wp-json\/wp\/v2\/users\/3"}],"replies":[{"embeddable":true,"href":"https:\/\/www.gfo.ch\/fr\/wp-json\/wp\/v2\/comments?post=97"}],"version-history":[{"count":14,"href":"https:\/\/www.gfo.ch\/fr\/wp-json\/wp\/v2\/pages\/97\/revisions"}],"predecessor-version":[{"id":1689,"href":"https:\/\/www.gfo.ch\/fr\/wp-json\/wp\/v2\/pages\/97\/revisions\/1689"}],"up":[{"embeddable":true,"href":"https:\/\/www.gfo.ch\/fr\/wp-json\/wp\/v2\/pages\/83"}],"wp:featuredmedia":[{"embeddable":true,"href":"https:\/\/www.gfo.ch\/fr\/wp-json\/wp\/v2\/media\/170"}],"wp:attachment":[{"href":"https:\/\/www.gfo.ch\/fr\/wp-json\/wp\/v2\/media?parent=97"}],"wp:term":[{"taxonomy":"post_tag","embeddable":true,"href":"https:\/\/www.gfo.ch\/fr\/wp-json\/wp\/v2\/tags?post=97"}],"curies":[{"name":"wp","href":"https:\/\/api.w.org\/{rel}","templated":true}]}}

<h2>Direction</h2>
<p><img loading="lazy" decoding="async" class="alignnone size-full wp-image-417" src="http://www.gfo.ch/wp2016/wp-content/uploads/2013/02/yves-gianella.jpg" alt="yves-gianella" width="300" height="200" srcset="https://gfo.ch/wp-content/uploads/2013/02/yves-gianella.jpg 300w, https://gfo.ch/wp-content/uploads/2013/02/yves-gianella-140x93.jpg 140w" sizes="(max-width: 300px) 100vw, 300px" /></p>
<h3>YVES GIANELLA,<br />
lic. rer. pol.</h3>
<h4>Formation</h4>
<ul>
<li>Formation professionnelle technique</li>
<li>Maturité fédérale</li>
<li>Etudes en sciences économiques de l’Université de Bâle (lic. rer. pol.)</li>
</ul>
<h4>Parcours professionel</h4>
<ul>
<li>Assistant de direction dans une petite entreprise de l’industrie alimentaire</li>
<li>Chargé de projet dans le domaine de la logistique, dans un grand hôpital</li>
<li>Activités de conseil dans diverses entreprises des secteurs privés et publics</li>
<li>Consultant et collaborateur scientifique pour la société GFO jusque 2005</li>
<li>Consultant indépendant pour la société GFO depuis 2005</li>
<li>Membre de la direction de la société GFO depuis 2016</li>
</ul>
<div class="blauerkasten">
<h4><strong>Domaines d’expertise</strong></h4>
<ul>
<li>Accompagnement de la conception, la concrétisation, et la mise en œuvre de systèmes de rémunération</li>
<li>Conception et accompagnement/réalisation de solutions informatiques de pilotage des salaires</li>
<li>Conception et réalisation d’enquêtes et d’analyse de rémunération</li>
</ul>
</div>
<h4>Contact</h4>
<p><a href="mailto:y.gianella@gfo.ch">E-Mail</a><br />
Tél. +41 44 365 99 35

<p>Direction YVES GIANELLA, lic. rer. pol. Formation Formation professionnelle technique Maturité fédérale Etudes en sciences économiques de l’Université de Bâle (lic. rer. pol.) Parcours professionel Assistant de direction dans une petite entreprise de l’industrie alimentaire Chargé de projet dans le &hellip; <a class="mehr">&rarr; mehr</a></p>
